c) = -2*c**3 + 19*c**2 + 8*c + 23. Let p be m(10). Let w(v) = v + 9 - 11*v**p - 25 + v**2 + 17. What is w(a)?
12
Let i(d) = -46*d - 370. Let x = -6319 + 6311. Determine i(x).
-2
Let y = -8 - -17. Let f(h) = -4*h**2 - 2*h - 5. Let k(z) = 21*z**2 + z + 32. Let w(s) = -5*f(s) - k(s). Give w(y).
-7
Let w(i) be the second derivative of i**3/6 - 13*i**2/2 + 242*i. Determine w(-10).
-23
Suppose -22*t = -5*t - 3213. Let m(d) = -92 + t - 91 + 2*d. What is m(9)?
24
Let h(a) = -17*a - 83. Let c(o) = -o**2 - o + 23. Let z(n) = -3*c(n) - h(n). Determine z(-6).
2
Let t = 726 + -724. Let n(p) be the second derivative of -23*p - 5/2*p**t + 1/12*p**4 - 4/3*p**3 + 0. Give n(5).
-20
Let h(m) = -63*m - 12. Let d(a) = -110*a - 22. Let i(v) = 4*d(v) - 7*h(v). Calculate i(1).
-3
Let r(h) = 0 + 2*h**3 - h**2 + 4 - 3*h**3. Suppose 0 = -6*y - 8 + 32. Suppose k + 4*d = 6*d + y, 3*k - 2 = d. Calculate r(k).
4
Suppose 0 = -16*z + 10*z + 18. Suppose 2*h + z*c + 21 = 5*h, 2*h - 5*c = 26. Let a(k) = 2*k - 4. Calculate a(h).
2
Let v(s) = s**3 + 9*s**2 - 3*s + 12. Let a(b) = 105*b + 936. Let d be a(-9). What is v(d)?
39
Let v(q) = -q**2 - 10*q - 9. Let g(h) = h**3 + 42*h**2 + 212*h - 27. Let i be g(-6). Calculate v(i).
12
Let h(i) = -10*i**2 + 103*i - 50. Let q(l) = 6*l**2 - 68*l + 35. Let p(o) = 5*h(o) + 8*q(o). Give p(-15).
15
Let b(n) = -n**2 - n - 1. Let l(m) = 6*m**2 + 2*m + 2. Let f(z) = 3*b(z) + l(z). Let u = 24 + -22. Suppose 0 = u*j + 2*t + 2*t - 4, 6 = -4*j - t. Give f(j).
13
Suppose -2*s + 2*j = -20, j - 3 = -3*s + 3. Let w(a) = a**2 - 2*a - 14. What is w(s)?
-6
Let v(c) = 25*c - 4. Let q(t) = 13*t - 2. Suppose -6*a + 2 = -34. Let p(g) = a*v(g) - 11*q(g). Determine p(3).
19
Let x = 700 + -698. Let t(i) = 0*i - 5*i**2 - 2*i - 3 + 9 - x + 4*i**2. Give t(-5).
-11
Let g(z) = 365*z**2 - 2297 - 12*z + 2291 - 368*z**2. Determine g(-6).
-42
Let s(r) = -r + 9. Let t(m) = m**3 + 3*m**2 - 7*m + 3. Let q be t(2). Suppose -5*j + 25 = -2*h, -5*h + q*h = 0. Determine s(j).
4
Let k be (-336)/(-180) + (-4)/(-30). Let r(y) = -3*y - 19 + 8 - 2*y**k + 11. Calculate r(-3).
-9
Let o(b) = 9*b - 161. Let v be o(18). Let w(x) = 0*x - 5*x + 2*x - v - 5*x. Determine w(1).
-9
Let s(b) = -13*b - 2. Let z(y) = -53*y + 11. Let h(n) = 7*s(n) - z(n). What is h(-1)?
13
Let r(z) = -105*z**2 - 118*z**2 + 222*z**2 + 7*z + 6*z + 19. Suppose -46 = -2*s - 20. Determine r(s).
19
Let q(m) = -8*m - 143. Let x = -6633 + 6614. What is q(x)?
9
Let h(a) be the first derivative of -a**3/3 + 3*a**2 + 2*a + 6444. What is h(2)?
10
Let z(g) = -g**2 - g + 12. Suppose -22 = -3*v + 6*y - 2*y, -4*y - 16 = 0. Let j(o) = 6 + o**3 - v*o**2 - 4 - 1. Let w be j(1). What is z(w)?
12
Let j(k) = 5 - k + 2 + 2*k. Let b(r) = -2*r - 40. Let n be b(-5). Let g be -4*n/(-12)*16/20. Determine j(g).
-1
Let t(b) be the third derivative of 29*b**4/24 + 97*b**3/3 - 281*b**2 + 7. Determine t(-7).
-9
Suppose 2*t + 8 = 4*l, 0*t - 18 = -4*l - 3*t. Let k(j) be the first derivative of j**3 + 4*j + 0*j**2 - 1/4*j**4 - 16. What is k(l)?
4
Let w(l) be the second derivative of l**6/180 - 3*l**5/40 + 16*l**4 + l - 114. Let r(s) be the third derivative of w(s). Determine r(7).
19
Let b(j) = j**3 + 2*j**2 - 2*j + 2. Suppose -4*t + 91 = 11. Let x(k) = 19*k - 378. Let s be x(t). Calculate b(s).
14
Let k(f) = -12*f**2 + 28*f + 15. Let d(m) = -7*m**2 + 16*m + 8. Let u(s) = 7*d(s) - 4*k(s). Calculate u(-3).
-13
Let q = 42 - 35. Let y be -4 + 2 + (-3)/((-3)/q). Suppose 0 = 5*r + 3*t - 12, 2*r = -2*t + y - 1. Let m(z) = -z**2 + 5*z - 3. Determine m(r).
3
Let l(r) be the first derivative of r**3 - 10*r**2 + 18*r - 3895. Give l(7).
25
Let m(x) be the second derivative of -x**3/3 + 11*x**2/2 + 2*x. Let s be (-4616)/(-48) - 4/24. Let k = 104 - s. What is m(k)?
-5
Suppose x + 4 = 0, 205*x + 8 = -2*r + 203*x. Let p(t) = -t**3 + t**2 - t + 13. Determine p(r).
13
Let r = -101 - -88. Let h(d) = d**2 + 15*d + 28. Let v be h(r). Let p(l) = -l**v + 0 - 4*l - 5*l + 10 + 2*l. Calculate p(-9).
-8
Let p(r) = 9*r**2 - 4*r + 1. Let l be (4 + 2)*(-182)/(-3). Let h = l - 363. What is p(h)?
6
Let w(m) = 2*m**2 + 10*m - 18. Suppose -6*u + v - 29 = -2*u, -u = -3*v + 21. Let y be w(u). Let c(b) = 1 - 2*b**2 - 7*b + 11 - 4. Determine c(y).
-22
Suppose -3*r - 8 - 4 = 0. Suppose 2*x - 22 = -4*p, 5*x + 2*p = x + 74. Let b(d) = -56 + x + 14 + 5*d + 16. Calculate b(r).
-25
Let m(l) = 36 - l**2 - 37 + 2*l + 2*l + l. Let i be m(3). Let u(g) be the third derivative of 5*g**4/24 - g**3/2 - 70*g**2. Calculate u(i).
22
Let n(w) = -3 - 12*w + 5*w + 5*w. Let q be (-585)/(-65) - (-52)/(-4). What is n(q)?
5
Suppose -91*b + 69 = -3*o - 96*b, -5*b - 30 = 0. Let w(p) = 0*p + 5 + p + 6. What is w(o)?
-2
Let q be (-6)/(-27) + 200/72 + 6. Let x(d) = 4*d - 40. Determine x(q).
-4
Suppose 0 = -2*g - 7 + 15. Suppose 1 = 3*s + g. Let c(t) be the third derivative of t**4/4 - t**3/6 + 234*t**2. Calculate c(s).
-7
Suppose 0 = -2*q - 3*q + 25. Let d be 9/q - (-2)/10. Let m(z) = -13*z + 6*z + 8*z + d + 7. Calculate m(-8).
1
Let p(o) be the second derivative of 19*o**5/120 - o**4/24 - 7*o**3/3 - 3*o**2/2 + 3*o + 2. Let b(i) be the second derivative of p(i). What is b(1)?
18
Let t be (2 + 1)/(18/12). Let o(w) = 6 - 2 + 282*w - t*w**2 + w**3 - 287*w. What is o(3)?
-2
Let y(h) be the third derivative of -2*h**5/15 + 17*h**4/24 + 7*h**3/6 + 27*h**2 + 2*h. Let f(q) = -4*q**2 + 7*q + 3. Let w(b) = 7*f(b) - 3*y(b). What is w(2)?
-20
Let f(t) = -2*t**3 - 6*t**2 - t + 2. Let k be (-90)/21 + 8/28. Calculate f(k).
38
Let m(f) = -f**2 + 19*f - 13. Let v be m(13). Let s(a) = 3*a**3 + 61 - v + 4*a**2 - 6*a + a - 2*a**3. Let z be 8*(-2)/4 - 1. Give s(z).
-4
Let b(i) = -i**3 - 6*i**2 + 9*i + 10. Let x(r) be the first derivative of -r**3/3 - r**2/2 - 10*r + 4. Let k be x(0). Let n = 3 + k. Give b(n).
-4
Let w(u) = 5*u**3 + 102*u**2 + u + 6. Let r(s) = 14*s**3 + 290*s**2 + 3*s + 19. Let q(m) = 6*r(m) - 17*w(m). Determine q(7).
-30
Suppose -16*k - 39 = -13*k + 3*w, w = -5*k - 61. Let g(c) = -c**3 - 12*c**2 + 2*c + 3. Give g(k).
-21
Suppose 25*y + 4335 = -1140. Let i = y + 208. Let g(m) = -m**3 - 11*m**2 + 7. Determine g(i).
7
Let f(t) = 5*t + 2*t - 46 + 55 - 2*t - 22. Determine f(2).
-3
Let x(h) = 402 + 8*h + 16*h - 478 + 16*h - 2*h**2. Give x(18).
-4
Let i(u) = u + 3. Suppose -4*d = -9*d + 120. Let r be 217/21 + 6/9. Suppose -r*q + 7*q + d = 0. What is i(q)?
9
Let q(m) be the second derivative of -7*m + 0*m**2 + 0 - 2/3*m**3. Let p(y) = -y - 1. Let u(j) = -3*p(j) + q(j). Determine u(-3).
6
Let y(a) = a**3 + 2*a**2 - a + 15. Let t = 7433 + -7438. What is y(t)?
-55
Let c(x) = 7 + 125*x + x**3 - 56*x - 65*x. Let n be c(0). Let j(g) = g**2 - 8*g + 7. What is j(n)?
0
Suppose 10 = -5*b - j + 33, -20 = -2*b - 4*j. Let c be -4 + b - 35/5. Let q(p) = -p**3 - 6*p**2 + 8*p - 1. Determine q(c).
-8
Let b(a) = a - 6. Let d be b(6). Let o(t) = -3*t + t + d*t. Suppose -1163*v + 580*v + 576*v = -35. Calculate o(v).
-10
Let j be 9/(-18) - (-88)/16. Suppose 0 = 3*f - 14 - 1, -f = -2*c - 5. Suppose j*z + 2*z = c. Let b(u) = -u - 9. Calculate b(z).
-9
Let g be (-6)/(-66) + (-224)/(-77). Let x(y) = -3*y + 39. Let i(o) = -2*o + 21. Let h(r) = g*x(r) - 5*i(r). What is h(-8)?
4
Let r(k) = -8*k - 34. Let o be 2 + -1 + 2*-3. Let n be r(o). Let c(x) = x**2 - 6 - 4*x + 15 + 0*x**2 - 2*x. Calculate c(n).
9
Let c(m) be the third derivative of -m**6/120 + m**5/15 - m**4/12 + 2*m**2 - 702. Give c(1).
1
Suppose -2*s = -4*j - 140, -4*j - 148 = -0*s + 2*s. Let u = j + 50. Let t = u + -13. Let a(q) = 2*q**2 + q - 1. What is a(t)?
2
Let g(v) = -65*v**3 + v**2 - v. Suppose 5*a = -24744 + 24739. What is g(a)?
67
Let c = -101 + 104. Let q(n) = 9*n**2 + 0*n + 50 + 66 - 109 - 9*n - n**c. Calculate q(8).
-1
Let m(h) = 5*h**2 + 4*h + 7. Let l(b) = 27*b**2 + 22*b + 38. Let g(q) = -2*l(q) + 11*m(q). What is g(1)?
2
Let s = -3 + 11. Suppose 6*q + s = -16. Let t(l) = l**2 + 5*l - 5. Give t(q).
-9
Let s(g) = 85*g**3 + 15*g**2 - 44*g - 41*g**3 + 13 - 45*g**3. Determine s(10).
73
Let n(a) = -3*a**2 - 10*a + 6. Let w(v) = 4*v**2 + 11*v - 7. Let c(y) = -5*n(y) - 4*w(y). Let r = 960 - 845. Suppose -10*x = -33*x + r. What is c(x)?
3
Let c = 252 + -247. Suppose -5*p - c + 10 = 0. Let y(w) = -3*w. Calculate y(p).
-3
Let u(g) be the third derivative of -1/60*g**5 + 1/24*g**4 + 4/3*g**3